{"id":2821,"date":"2013-09-24T14:36:39","date_gmt":"2013-09-24T12:36:39","guid":{"rendered":"http:\/\/www.rcmarketing.it\/logon\/?page_id=2821"},"modified":"2021-08-20T16:22:13","modified_gmt":"2021-08-20T14:22:13","slug":"storia","status":"publish","type":"page","link":"https:\/\/www.logon.it\/gestionale\/chi-siamo\/storia\/","title":{"rendered":"Storia"},"content":{"rendered":"<div class='flex_column av-4asc11-4fd3d1a94b0ec4769fdd885833e21483 av_one_half  avia-builder-el-0  el_before_av_one_half  avia-builder-el-first  first flex_column_div '   ><h3>Storia aziendale<\/h3>\n<p>La LOGon nasce nel 1988. Un gruppo di giovani esperti di informatica di Brunico, che avevano gi\u00e0 acquisito esperienze in tutti i settori dell\u2019elaborazione elettronica dei dati in varie imprese del settore, fondano l\u2019azienda LOGon, per poter realizzare le loro idee in un\u2019impresa di loro propriet\u00e0. Nel 1991 gi\u00e0 cinque collaboratori che lavorano allo sviluppo di questa dinamica impresa.<\/p>\n<p>Sin dall\u2019inizio la LOGon viene concepita come una \u201csoftwarehouse\u201d in grado non solo di fornire componenti, ma anche di offrire soluzioni software personalizzate, che spaziano dall\u2019adeguamento di software standard alle specifiche esigenze dei singoli clienti, sino allo sviluppo di prodotti completi e su misura.<\/p>\n<h3><b>Primi successi \u2013 Soluzioni di sistema per commercialisti<\/b><\/h3>\n<p>La prima completa soluzione di sistema sviluppata da LOGon \u00e8 rappresentata da un programma per commercialisti e fiscalisti, che trova un buon riscontro nel settore e nel corso degli anni viene costantemente sviluppato ed adeguato alle nuove esigenze. La stretta collaborazione con i commercialisti che\u00a0sono tra i numerosi clienti della LOGon \u00e8 una garanzia del costante aggiornamento dei nostri programmatori e della loro perfetta conoscenza delle caratteristiche richieste ai software gestionale ed amministrativo. Parallelamente viene programmata la prima generazione del software gestionale ed amministrativo XGLA della LOGon, che si sviluppa sino a divenire il principale prodotto commercializzato dall\u2019azienda di Brunico.<\/p>\n<h3><b>Viaggiare in tutto il mondo con il software elaborato a Brunico nel 1993<\/b><\/h3>\n<p>Un\u2019ulteriore pietra miliare nello sviluppo dell&#8217;azienda \u00e8 rappresentato dall&#8217;adozione, da parte del tour operator \u201cThomas Cook Reisen\u201d del gruppo tedesco \u201cNeckermann\u201d, del software programmato dalla LOGon per le prenotazioni e la gestione a livello mondiale dei servizi, un grande riconoscimento per la giovane azienda sudtirolese!<\/p><\/div>\n<div class='flex_column av-2bubl1-2f7293e15b1b696bb1385e1cbcee5275 av_one_half  avia-builder-el-1  el_after_av_one_half  avia-builder-el-last  flex_column_div '   ><h3><b>Le soluzioni settoriali: LOGhotel per Windows<\/b><\/h3>\n<p>Il programma gestionale LOGhotel per Windows viene sviluppato nel 1994 e viene ben accolto da ristoratori ed albergatori. Fedele alla filosofia della \u201csoftwarehouse\u201d LOGon, che pone in primo piano le soluzioni complete e di facile impiego da parte degli utenti, viene in seguito sviluppato, con il software GastroLOG, un programma diversificato per gli operatori del settore gastronomico.<\/p>\n<h3><strong>LOGon cresce<\/strong><\/h3>\n<p>Nel 1996 la LOGon d\u00e0 gi\u00e0 lavoro a 10 collaboratori, che operano nei reparti sviluppo e servizi. Con i suoi oltre 400 sistemi installati e lo sviluppo della versione del programma LOGon-XGLA per Internet, la LOGon diventa l\u2019azienda leader in Alto Adige nel settore dei software gestionali.<\/p>\n<h3><b>La nuova sede dell\u2019azienda<\/b><\/h3>\n<p>Con la nuova sede dell\u2019azienda inizia, undici anni dopo la sua fondazione, un nuovo capitolo della storia della LOGon. Attualmente la LOGon pu\u00f2 contare su quindici collaboratori qualificati e motivati che seguono un numero sempre crescente di clienti guidando la nostra azienda verso il futuro.<\/p>\n<p>Nuove sfide &#8211; come ad esempio il passaggio all&#8217;euro &#8211; o il problema sorto nel 2000 con il millenium bug non hanno comportato per i clienti della LOGon alcuna difficolt\u00e0.<\/p>\n<h3><b>Il terzo millennio<\/b><\/h3>\n<p>La tendenza ad avere dei cicli di sviluppo sempre pi\u00f9 brevi e la crescente importanza delle nuove tecnologie saranno determinanti anche all\u2019inizio del terzo millennio. La LOGon era consapevole di tutto ci\u00f2 gi\u00e0 alla fine del secondo millennio e si \u00e8 quindi preparata adeguatamente ad affrontare le nuove sfide. Grazie alla preparazione di una solida base nel settore del client\/server e alla collaborazione con aziende che operano in altri settori la LOGon pu\u00f2 contare su un elevato livello di flessibilit\u00e0 e di reattivit\u00e0.<\/p>\n<p>L&#8217;evoluzione del software XGLA, denominato XGLA\/4, viene ora immesso sul mercato ed \u00e8 destinato a sostituire la versione precedente nel settore delle medie e grandi imprese. La nuova versione si basa su di un moderno sistema client\/server e viene\u00a0 sviluppato come un applicativo modulare.<\/p><\/div>\n","protected":false},"excerpt":{"rendered":"","protected":false},"author":1,"featured_media":0,"parent":2823,"menu_order":0,"comment_status":"closed","ping_status":"closed","template":"","meta":{"_bbp_topic_count":0,"_bbp_reply_count":0,"_bbp_total_topic_count":0,"_bbp_total_reply_count":0,"_bbp_voice_count":0,"_bbp_anonymous_reply_count":0,"_bbp_topic_count_hidden":0,"_bbp_reply_count_hidden":0,"_bbp_forum_subforum_count":0},"_links":{"self":[{"href":"https:\/\/www.logon.it\/gestionale\/wp-json\/wp\/v2\/pages\/2821"}],"collection":[{"href":"https:\/\/www.logon.it\/gestionale\/wp-json\/wp\/v2\/pages"}],"about":[{"href":"https:\/\/www.logon.it\/gestionale\/wp-json\/wp\/v2\/types\/page"}],"author":[{"embeddable":true,"href":"https:\/\/www.logon.it\/gestionale\/wp-json\/wp\/v2\/users\/1"}],"replies":[{"embeddable":true,"href":"https:\/\/www.logon.it\/gestionale\/wp-json\/wp\/v2\/comments?post=2821"}],"version-history":[{"count":14,"href":"https:\/\/www.logon.it\/gestionale\/wp-json\/wp\/v2\/pages\/2821\/revisions"}],"predecessor-version":[{"id":3690,"href":"https:\/\/www.logon.it\/gestionale\/wp-json\/wp\/v2\/pages\/2821\/revisions\/3690"}],"up":[{"embeddable":true,"href":"https:\/\/www.logon.it\/gestionale\/wp-json\/wp\/v2\/pages\/2823"}],"wp:attachment":[{"href":"https:\/\/www.logon.it\/gestionale\/wp-json\/wp\/v2\/media?parent=2821"}],"curies":[{"name":"wp","href":"https:\/\/api.w.org\/{rel}","templated":true}]}}